
-1121200020222102
In base 14, what is -369 - 3506?
-3871
In base 3, what is -1010020222 - 2101?
-1010100100
In base 8, what is 25100310 + -2?
25100306
In base 13, what is -6 + -1b87b9?
-1b87c2
In base 3, what is 1120200021 - 1120200?
1112002121
In base 5, what is 2311111 - 103132?
2202424
In base 15, what is 4a869 - -3cd?
4ac47
In base 10, what is 1582 - 657876?
-656294
In base 16, what is -47 - -11a66a?
11a623
In base 11, what is 6 + -1389588?
-1389582
In base 13, what is -12bba821 + 3?
-12bba81b
In base 9, what is -8636311 - -5?
-8636305
In base 3, what is 110122121 + 11010010?
121202201
In base 10, what is 24010 - 574?
23436
In base 2, what is 101000000101111000100001100011 - -101?
101000000101111000100001101000
In base 13, what is c - 85a2a30?
-85a2a21
In base 8, what is -37 - 266552?
-266611
In base 4, what is 3101233212332 - -2?
3101233213000
In base 11, what is 1353 + -631?
822
In base 14, what is -b88084 - -5?
-b8807d
In base 7, what is 54466210261 - -4?
54466210265
In base 11, what is -210 + -1369a?
-138aa
In base 8, what is 45745366 - 14?
45745352
In base 14, what is -4cdc + -1c?
-4d1a
In base 8, what is -25 + -50605515?
-50605542
In base 16, what is 4c + 563673?
5636bf
In base 8, what is -247 - 546441?
-546710
In base 6, what is -33 - 1204111151?
-1204111224
In base 11, what is -140 - 5785799?
-5785929
In base 2, what is -100001000 + 100001101100010?
100001001011010
In base 4, what is -20 - 3200302113000?
-3200302113020
In base 14, what is 62acc9d - 4?
62acc99
In base 10, what is -16908923 - -2?
-16908921
In base 3, what is 1012 + 22110120020?
22110121102
In base 5, what is -2020142030 + 21?
-2020142004
In base 13, what is 284 + -33ab40?
-33a889
In base 8, what is 12 - 5311020?
-5311006
In base 4, what is 12103002223 + -1?
12103002222
In base 13, what is 27 + 131086c?
1310896
In base 11, what is -100071 + -68?
-100129
In base 13, what is -3128a6 + -42a?
-313003
In base 7, what is 61204 - 20?
61154
In base 6, what is -1211411233 + -2?
-1211411235
In base 15, what is -33e3c + -113?
-34050
In base 12, what is 9b34 - -1a16b?
280a3
In base 8, what is -1514220 + 4?
-1514214
In base 3, what is -1220112112202200010 - -2?
-1220112112202200001
In base 2, what is 1100111001011000 + 101011011110?
1101100100110110
In base 6, what is -10011 + -40523?
-50534
In base 14, what is -1dad29 - 13?
-1dad3c
In base 16, what is 1cf9ab86 + -4?
1cf9ab82
In base 15, what is -18c + -25853?
-259e0
In base 5, what is 113104 + -20243?
42311
In base 3, what is -10110111 - -1222020?
-1111021
In base 12, what is -1a2 - b7ba?
-b9a0
In base 4, what is 33 - 11103103330?
-11103103231
In base 8, what is 360 - -752751?
753331
In base 10, what is 1666475 + -28?
1666447
In base 4, what is -32221331 + -20323?
-32302320
In base 14, what is -2c901 + -3?
-2c904
In base 16, what is -112 + -13a56?
-13b68
In base 10, what is -144943 - 37?
-144980
In base 10, what is -5 - 109143850?
-109143855
In base 11, what is -27548 - 129?
-27676
In base 10, what is 17711946 - -4?
17711950
In base 8, what is -167135303 - 1?
-167135304
In base 4, what is -12023013000010 - -3?
-12023013000001
In base 6, what is -2452522200 - 0?
-2452522200
In base 15, what is -8d79b + 306?
-8d495
In base 13, what is 934a98 - 18?
934a80
In base 14, what is -3 - 1a24c24?
-1a24c27
In base 15, what is 5 - -18401cd?
18401d3
In base 14, what is 17 + 15da7d?
15da96
In base 6, what is -1533 - -430350?
424413
In base 6, what is -3 + -545554145?
-545554152
In base 8, what is 343770424 - 3?
343770421
In base 8, what is 16 - -56107234?
56107252
In base 8, what is 0 - 16527013?
-16527013
In base 5, what is 324 - 1303123144?
-1303122320
In base 8, what is 1212 + -207241?
-206027
In base 7, what is 2660336 + 0?
2660336
In base 8, what is 4376 + 620375?
624773
In base 2, what is -10100 - 1110010110000001101100?
-1110010110000010000000
In base 5, what is -100143403 - -1311?
-100142042
In base 5, what is 31141 - -40431?
122122
In base 5, what is -4 + -2221023343?
-2221023402
In base 4, what is 120300213 - -23110?
120323323
In base 10, what is 5 + 9233883?
9233888
In base 7, what is -2614505 - 2044?
-2616552
In base 9, what is -571301 - -4265?
-566025
In base 2, what is -111111110110010100100 - -111000?
-111111110110001101100
In base 12, what is -8b - -188169?
18809a
In base 13, what is -1717653 + 0?
-1717653
In base 6, what is 512450 + 51102?
1003552
In base 6, what is -25053 - -12001?
-13052
In base 12, what is -589ab - 7b1?
-595a0
In base 3, what is -10201100 - -12010122220?
11222221120
In base 3, what is 1 + -22202111110222?
-22202111110221
In base 2, what is -1010110011001011110111 + -1100?
-1010110011001100000011
In base 13, what is -20073 + -c?
-20082
In base 3, what is -222002210211100 - 200?
-222002210212000
In base 2, what is 1000 - -1010101011000100001011101?
1010101011000100001100101
In base 5, what is 203403104 - 10?
203403044
In base 15, what is -6d69ac - 8?
-6d69b5
In base 4, what is 12320 + -3110031033?
-3110012113
In base 2, what is 1110010110 + -1111011101100001?
-1111001111001011
In base 13, what is 2 + 27a0a03?
27a0a05
In base 10, what is -8 + 4324095?
4324087
In base 4, what is 2223103201 + -13?
2223103122
In base 7, what is -34061 + 130003?
62612
In base 16, what is 0 - -b2789b?
b2789b
In base 2, what is 10000001101011000100101 - 11?
10000001101011000100010
In base 14, what is 1b8 - 1c582?
-1c3a8
In base 3, what is 101122220012 + -1001200?
101121211112
In base 9, what is 3543401 - -15?
3543416
In base 14, what is 100d6 - 208?
dccc
In base 3, what is 1 + -22201002110210010?
-22201002110210002
In base 2, what is 1111001011101 - -10001100?
1111011101001
In base 8, what is -7546 + 64?
-7462
In base 11, what is 59 - 6071a?
-60671
In base 15, what is 1e5 - -861?
a56
In base 16, what is 437ed8 + 1?
437ed9
In base 5, what is 141 - -21130103320?
21130104011
In base 2, what is 1001110001010000 - -101001101001?
1010011010111001
In base 10, what is 3 + -46667406?
-46667403
In base 4, what is -12233313122232 + 3?
-12233313122223
In base 9, what is 153807083 + -4?
153807078
In base 2, what is 100 - 11000001101110011111100100?
-11000001101110011111100000
In base 4, what is -12100132 + -11322?
-12112120
In base 5, what is 1343243423 - 24?
1343243344
In base 12, what is -662 + -15b97?
-16639
In base 9, what is -507576485 - 4?
-507576500
In base 3, what is 2002212101 + -1011220?
2001200111
In base 10, what is -23235 + -2323?
-25558
In base 16, what is -4c5 + -7a5c?
-7f21
In base 3, what is 2000222110210 - 122101?
2000221211102
In base 14, what is 1b9b921 + -20?
1b9b901
In base 10, what is -58196 + 343?
-57853
In base 16, what is -1 + -a53455?
-a53456
In base 2, what is 100110010111111001001110000 + 100?
100110010111111001001110100
In base 4, what is 1313121132202 - 233?
1313121131303
In base 16, what is 688 - -ae3d?
b4c5
In base 5, what is -11312144 - 1200?
-11313344
In base 15, what is 55 - 2861?
-280b
In base 13, what is -8752 + -143?
-8895
In base 12, what is -340a714 - aa?
-340a802
In base 7, what is -64602 + 211?
-64361
In base 11, what is 322a291 - -5?
322a296
In base 5, what is -22 - 144202314?
-144202341
In base 10, what is -541119 + 91?
-541028
In base 2, what is -1000 - 11001010011100001010?
-11001010011100010010
In base 3, what is -102 - -12121102220220?
12121102220111
In base 11, what is -2063420 + -1?
-2063421
In base 14, what is -1 + 15dd02d8?
15dd02d7
In base 13, what is -c96333 - -27?
-c96309
In base 4, what is 22100220 - -20?
22100300
In base 12, what is 1090149b1 - 5?
1090149a8
In base 4, what is 30 + -3320211030?
-3320211000
In base 12, what is -598b6 - 638?
-5a332
In base 12, what is -4983 - -b60?
-3a23
In base 5, what is 1012423 - 10411?
1002012
In base 9, what is -243388833 + 2?
-243388831
In base 5, what is -20 + 14241420?
14241400
In base 13, what is 178 + -23636?
-2348b
In base 10, what is -604299455 + 1?
-604299454
In base 15, what is -3 - 2ada56?
-2ada59
In base 6, what is 311405 - 332?
311033
In base 9, what is -27416068 - -23?
-27416045
In base 7, what is -46025433 - -1?
-46025432
In base 3, what is -2021102211122 + -20022?
-2021110001221
In base 3, what is 12011121 - -2202?
12021100
In base 14, what is 37 - -87548?
87581
In base 4, what is -2302103 + -1002?
-2303111
In base 10, what is 232 - 